prime factors of j.
2, 179
Let b(f) be the first derivative of 193*f**6/120 - f**5/30 + f**4/8 + 7*f**2 - 16. Let w(k) be the second derivative of b(k). List the prime factors of w(1).
2, 97
Suppose -17*x + 31785 = 41*x - 118029. What are the prime factors of x?
3, 7, 41
Let d(c) = -c + 12. Let q be d(5). Suppose 6*f - 4 = q*f, -2*p - 4*f + 476 = 0. List the prime factors of p.
2, 3, 41
What are the prime factors of 5/((-5)/(-468))*(-133)/(-21) - 4?
2, 5, 37
Let w be (-2*248/8)/(-3 + 1). Suppose -53*m + w*m = -17314. List the prime factors of m.
787
Suppose 33*r + 46 + 53 = 0. What are the prime factors of (-7 + 4)*(-1 + (-84 - r))?
2, 3, 41
Let h(q) = 21*q**2 - 75*q - 3. Let k be h(-5). Let v = 1588 - k. What are the prime factors of v?
691
Let p be 235830/273 - (-2 - (-48)/26). Let f = p - 611. What are the prime factors of f?
11, 23
Suppose -2*w = -w - 4, 0 = 4*r - 5*w - 180. Let g be 2/(-5) - 128730/r. What are the prime factors of 4/(-18) - g/45?
3, 19
Let v = 403 + -193. Suppose 4*t + 2*t = v. Suppose -4*z - 2*y + t + 167 = 0, -3*z + 3*y = -174. What are the prime factors of z?
53
Suppose 0 = 13*k - 1113372 + 335140. List the prime factors of k.
2, 7, 1069
Let c = 4978 - 2993. Suppose 5*s - 2*z - c - 4246 = 0, 0 = -3*z - 9. What are the prime factors of s?
3, 5, 83
Suppose 215*j + 142288 = 15382778. What are the prime factors of j?
2, 23, 67
Suppose 4*k = -5 - 11. List the prime factors of 10 - 2860/(-25) - k/(-10).
2, 31
Suppose -4*k - 17 = 5*o, -4*o + 2*o = -3*k + 16. Let m(s) = -34 - 11*s**3 - s**2 + 0*s**2 - 3*s - k*s + 29. List the prime factors of m(-2).
89
Suppose a - 5*l - 4 = 0, -18 - 2 = -5*a + l. Let s be 9*((-12)/(-9))/a. Suppose 2*q - 7*q + 164 = 3*j, -s*j = 2*q - 62. What are the prime factors of q?
2, 17
Suppose -27*z + 34*z + 399 = 0. What are the prime factors of 257 - -3 - z/(-19)?
257
Let q = 57 - 37. Let p(k) = 4*k - 29. Let c(u) = -5*u + 30. Let y(s) = -3*c(s) - 4*p(s). List the prime factors of y(q).
2, 3
Let x(s) = -s**3 - 2*s**2 + 63*s + 18. List the prime factors of x(-13).
2, 23
Let o = -2391 - -16981. List the prime factors of o.
2, 5, 1459
Suppose 0 = -8*w - 71227 - 158445. What are the prime factors of w/(-95) - (-1)/(-5)?
2, 151
Let z be 2/(-6)*(-1362 - (-14 + 5)). Let p = 152 + z. What are the prime factors of p?
3, 67
Suppose -43*u = -49*u + 99756. Suppose -22*j + u = 2810. List the prime factors of j.
2, 157
Let a = 1064 + -1059. Suppose -5*w + w = 0. Suppose -a*u + 301 + 424 = w. List the prime factors of u.
5, 29
Suppose -v = 2*z + 352, 176 = -z + 2*v + 2*v. Let y = 382 - z. What are the prime factors of y?
2, 3, 31
Let x be (10/40)/((-2)/(-40)). Suppose x*k = 3*k. Suppose 4*u - 246 = -2*j, u + 4*j - 3*j - 64 = k. List the prime factors of u.
59
Suppose 0 = 118*f - 114*f - 20. Suppose 476 - 31 = f*l. What are the prime factors of l?
89
Suppose 5*z - 16 = -j, 3*j - 1 + 23 = -z. Let u be 232/20 + j/15. Suppose u*a - 6*a = 425. What are the prime factors of a?
5, 17
Let t = 4578 + 8472. What are the prime factors of t?
2, 3, 5, 29
Suppose -4*v - 2*t - 34 = 2, 0 = 5*v + 2*t + 45. Let f be 2*1*v/6. List the prime factors of 10/f*(-48)/10.
2
Let y(m) = -m**2 - 47*m - 426. Let b be y(-18). Let k = -435 - -615. Let i = k - b. List the prime factors of i.
2, 3, 7
Suppose -t - 30 = -3*m - 0*t, -4*t + 33 = 5*m. Suppose -3*f - m = 0, 4*f - 4911 = -13*z + 10*z. List the prime factors of z.
3, 547
Let n(g) = -g**2 + 12*g - 12. Let p be n(10). Suppose p*s + 40 = 12*s. Suppose 4*f + s = 6*f. List the prime factors of f.
5
Let y(c) be the first derivative of -c**6/120 - c**4/8 - c**3 - 21*c**2/2 - 5. Let d(b) be the second derivative of y(b). List the prime factors of d(-2).
2
Suppose -2*p - 10*u + 11*u + 14235 = 0, 0 = -4*u - 4. List the prime factors of p.
11, 647
Suppose 2*u = -i + 34578, 0 = 23*u - 24*u - 5*i + 17271. What are the prime factors of u?
17291
Suppose 40704 = 3806*p - 3800*p. What are the prime factors of p?
2, 53
Let a be (-44)/(-1) + (-372)/(-62). Suppose b + 298 = 2*d, -4*b + 584 = 54*d - a*d. List the prime factors of d.
2, 37
Let m(b) = 3*b**3 - 13*b**2 + 42*b - 17. What are the prime factors of m(13)?
3, 547
Let a = -151 + 153. Suppose 0 = 7*i - v - 7828, a = 2*v - 8. What are the prime factors of i?
3, 373
Let n = -192 + 2005. Let h = -963 + n. List the prime factors of h.
2, 5, 17
Let z(b) = -2*b**2 - 5*b. Let d be z(0). Suppose d = -3*o - 5*o + 576. What are the prime factors of o?
2, 3
Let v(d) = 3*d + 14. Let w be v(5). Suppose -3*o + 17 = -5*u, 0*o - u = 3*o - w. Let i(a) = 3*a**2 - 20*a - 13. List the prime factors of i(o).
2, 5
Suppose w = 5*d - 99082, -5*d - 41*w + 36*w + 99040 = 0. List the prime factors of d.
3, 5, 1321
Suppose 2*p + 9 = 3*d, -d - 11 = 2*p + 10. Let n(k) = k + 1. Let c(u) = -5*u - 8. Let i(m) = 2*c(m) - 6*n(m). List the prime factors of i(p).
2, 61
Let t be 6 - (66/12)/11*6. Suppose 5852 = 5*r + 2*o, 0*r - 3512 = -t*r - 2*o. List the prime factors of r.
2, 3, 5, 13
Let u = 3359 + -1992. Suppose -3*h = -9, -4*v + 4419 = 4*h + u. What are the prime factors of v?
2, 5, 19
Suppose 4*u + u - 2*v - 673 = 0, 2*u + 5*v - 246 = 0. Let k(w) = w**3 - 7*w**2 - 6*w + 16. Let x be k(5). Let s = u + x. What are the prime factors of s?
3, 23
Suppose -18 + 21 = o. List the prime factors of (12*140 - -6)/o.
2, 281
Let k = 10202 - 1150. List the prime factors of k.
2, 31, 73
Let o(f) = 12846*f + 52. What are the prime factors of o(1)?
2, 6449
Let b(k) be the second derivative of 43*k**3/3 - 7*k**2/2 + 215*k. What are the prime factors of b(1)?
79
Let c(x) = -2*x - 52. Let j be c(-21). Let r = j - 7. List the prime factors of 121 + r - (0 - -4).
2, 5
Let p(k) = -k**2 + 6*k + 16. Let f be p(7). Suppose -4*v - 1 = -f. Suppose -4*j + 93 = 3*y, -34 - 27 = -v*y - 3*j. What are the prime factors of y?
5, 7
Let x be -12*(48/6 + 60/(-8)). Let q(n) = 20*n**2 - n + 6. Let o(a) = a**3 + 40*a**2 - a + 13. Let m(t) = 3*o(t) - 5*q(t). What are the prime factors of m(x)?
3, 23
Suppose 11*p - 187 = -2332. Let w = p + 491. What are the prime factors of w?
2, 37
Let z(c) = 21*c**2 - 3*c - 1. Let h(u) = u**3 - 14*u**2 - 15*u + 5. Let f be h(15). What are the prime factors of z(f)?
509
Let y be ((-31)/(-3) + 0)/(3/45). Suppose 150*k - y*k = -370. What are the prime factors of k?
2, 37
Let u = -48 - -27. Let a = u - -28. Suppose 0 = 2*k - a - 3. What are the prime factors of k?
5
Suppose -110 = 7*l - 75. Let d(u) = 17*u**2 + 3*u - 13. List the prime factors of d(l).
397
Suppose -g - 16*i + 18*i + 22450 = 0, 2*i = 3*g - 67318. What are the prime factors of g?
2, 3, 3739
Suppose 30 = -8*p + 3*p. List the prime factors of 42/((-7)/28*p).
2, 7
What are the prime factors of (0/(-1) - 59310/54)*-21 - -4?
17, 23, 59
Let k(s) = s**3 - 5*s**2 + 5*s + 15. Let f(w) = -2*w - 107 + 5*w + 113. Let q be f(0). List the prime factors of k(q).
3
Suppose 284107 = 629*r - 610*r. List the prime factors of r.
19, 787
Let z(n) = 4*n**3 - n**2 - 3*n + 4. Let c = 41 - 27. Let f be (-24)/(-14) - (-4)/c. List the prime factors of z(f).
2, 13
Suppose -8*l = -395 - 709. Suppose l = 2*h + h. Let s = 72 - h. What are the prime factors of s?
2, 13
Let b = -12413 + 31312. List the prime factors of b.
18899
Let u be ((3 - 2)/(-2))/((-9)/(-18)). Let j be ((-1)/2)/(u/630). Suppose -3*a - 2*s + 219 = 0, 4*a = 5*s - 46 + j. What are the prime factors of a?
71
Let a(h) be the third derivative of -121*h**4/12 + 4*h**3/3 - 5*h**2. Let g be a(-4). Suppose -779 - g = -13*j. List the prime factors of j.
3, 5
Suppose 0 = 13*m - 5407 + 1260. Let r = m + -202. Let a = r + -47. What are the prime factors of a?
2, 5, 7
Let z be (-2)/(-10) + (-222)/(-15). Suppose 0 = 4*h - z + 3. Suppose h*b - 470 = -41. What are the prime factors of b?
11, 13
Let i(z) = -124*z - 2459. List the prime factors of i(-70).
6221
Let d(v) = -5*v - 13. Let m be d(-4). Let g be 0 + m + 2*9/(-6). List the prime factors of ((-10)/(-4))/(2/g).
5
Suppose -5*b = 3*q - 15352, b - 13074 = -3*q + 2258. List the prime factors of q.
3, 13, 131
Suppose 0 = 2*s - 4, -4*i - 649 = 3*s - 3551. Let a be (-38)/(-133) - (i/(-14) + -2). List the prime factors of 62/9 + 6/a.
7
What are the prime factors of (17308/(-14))/((480/(-105))/16)?
4327
Let l be (-12837)/(-24) - 19/(-152). Suppose -3411 = -l